00 - -1221?
101212221
In base 4, what is -1002 + 203?
-133
In base 5, what is -10004300 - 3?
-10004303
In base 6, what is 144053 + 33?
144130
In base 11, what is -20 + -253?
-273
In base 10, what is -73 + 10017?
9944
In base 12, what is -5 - 1a1a?
-1a23
In base 14, what is -23b803 - -2?
-23b801
In base 8, what is 5 - -40221?
40226
In base 8, what is -3 - 14005?
-14010
In base 16, what is -47 - -14?
-33
In base 5, what is 2241 + 11213?
14004
In base 4, what is 21312110 + 0?
21312110
In base 2, what is 100 + 11100011110100110?
11100011110101010
In base 13, what is 666 - -141?
7a7
In base 3, what is 10 + 1210120121202?
1210120121212
In base 12, what is -172309 + 2?
-172307
In base 13, what is 4 + 1051a2?
1051a6
In base 2, what is 11010010000 - -10001?
11010100001
In base 11, what is -71269 - -5?
-71264
In base 8, what is -1253 - -25?
-1226
In base 4, what is -13122 - -111?
-13011
In base 5, what is -200232 + -20?
-200302
In base 11, what is -6 + 7382?
7377
In base 16, what is -3 - 287ff?
-28802
In base 6, what is 4523311 - 4?
4523303
In base 16, what is 4 - -5979?
597d
In base 5, what is 120 - -33011?
33131
In base 3, what is -101100 + 11012?
-20011
In base 16, what is 1239 - 3?
1236
In base 16, what is 4f4 - 42?
4b2
In base 9, what is 1 + 221678?
221680
In base 8, what is 4307 - 120?
4167
In base 4, what is 3 - 1230303?
-1230300
In base 10, what is 357 - 6?
351
In base 4, what is 2220 - -21110?
23330
In base 4, what is 1330 - -13?
2003
In base 6, what is -220 + 511?
251
In base 15, what is 5 + 1ae43?
1ae48
In base 15, what is 715 - 33?
6d2
In base 7, what is -1456 - 1424?
-3213
In base 2, what is 11110 + -101110011110?
-101110000000
In base 6, what is 12 - 2225213?
-2225201
In base 2, what is -1000010100100011 + -10100?
-1000010100110111
In base 6, what is 4044 + 10?
4054
In base 5, what is 12013434 - 104?
12013330
In base 11, what is 6 + 248?
253
In base 11, what is -54798 - 1?
-54799
In base 6, what is -10 + -32451?
-32501
In base 16, what is -9751 + -4?
-9755
In base 6, what is 1 - -135542?
135543
In base 2, what is -110011 - 1000011011110010?
-1000011100100101
In base 5, what is -313042211 + 3?
-313042203
In base 10, what is 114443 - 7?
114436
In base 15, what is 352a - -7?
3532
In base 13, what is -19 + 461?
445
In base 7, what is -5064 + 2?
-5062
In base 9, what is -64 + 67005?
66831
In base 8, what is -1337 + 1550?
211
In base 10, what is 184 - 666?
-482
In base 3, what is 2 - 10010002?
-10010000
In base 10, what is -116029 + 5?
-116024
In base 7, what is -52352 + -2?
-52354
In base 13, what is -132a1 - -5?
-13299
In base 13, what is -13c8 - 59?
-1454
In base 15, what is -3 + -15d3b?
-15d3e
In base 5, what is -222010 - 41?
-222101
In base 6, what is -211 - -2035?
1424
In base 5, what is -111 - 413111?
-413222
In base 15, what is 87e6 + -123?
86c3
In base 3, what is 12 - 10212200022?
-10212200010
In base 6, what is -5200235 - -5?
-5200230
In base 13, what is 26ab - -11?
26bc
In base 10, what is -1988 + 40?
-1948
In base 5, what is 10 + -122401221?
-122401211
In base 14, what is abc - 17?
aa5
In base 16, what is 772db7 + 1?
772db8
In base 5, what is 3211 + 23?
3234
In base 7, what is 1124405 + 32?
1124440
In base 11, what is 0 - -428545?
428545
In base 6, what is -1201254 - -5?
-1201245
In base 12, what is -6 - 1b677?
-1b681
In base 7, what is 12204 + -243?
11631
In base 3, what is 202021 + -11212?
120102
In base 15, what is -9921a - -4?
-99216
In base 16, what is -6 - 1847a?
-18480
In base 6, what is 430303 - -101?
430404
In base 11, what is 3a25 + -4?
3a21
In base 14, what is -6b6 - -cd?
-5c7
In base 15, what is 19 - -92c?
946
In base 14, what is 4 - c609?
-c605
In base 10, what is -3954 + -20?
-3974
In base 6, what is -345331 - -2?
-345325
In base 4, what is 101 - 121031?
-120330
In base 2, what is 101000 + 1011111111010?
1100000100010
In base 6, what is 1 - 4410203?
-4410202
In base 16, what is 10077 + -1a?
1005d
In base 2, what is 0 - 100110011011110011?
-100110011011110011
In base 14, what is d0 + -26b?
-17b
In base 5, what is 0 - -402003?
402003
In base 11, what is 27 + -473?
-447
In base 2, what is 1111101101000 - 10?
1111101100110
In base 3, what is 102120111 + -22?
102120012
In base 16, what is 2 + -47f0?
-47ee
In base 16, what is -47f - 3c9?
-848
In base 2, what is 11111111101001010011 + 1?
11111111101001010100
In base 11, what is -1 + 157259?
157258
In base 4, what is -210331311 - -10?
-210331301
In base 12, what is -1b31 - -60?
-1a91
In base 3, what is -1200112212 + -10?
-1200112222
In base 15, what is 4e - -9ae?
a0d
In base 12, what is -381 - 799?
-b5a
In base 7, what is 26614 + 41?
26655
In base 6, what is -5302 + 53?
-5205
In base 15, what is -104b - -e9?
-e52
In base 14, what is -4c - -81d?
7b1
In base 4, what is -133 + 300003?
233210
In base 5, what is -2221 - 100320?
-103041
In base 11, what is 247aa - 1?
247a9
In base 4, what is 100 + 2032?
2132
In base 16, what is -dff - -80?
-d7f
In base 11, what is -7 - 230955?
-230961
In base 4, what is 2203332 + 112?
2210110
In base 10, what is -244363 - 0?
-244363
In base 3, what is 121112 - -22211220?
100110102
In base 2, what is 10001001010 + -11110101?
1101010101
In base 8, what is 4313 - 1?
4312
In base 12, what is 40 - -303?
343
In base 6, what is 3 + 2553011?
2553014
In base 9, what is 2 + -35176?
-35174
In base 15, what is -5 - -e8da4?
e8d9e
In base 6, what is 1041 - -11434?
12515
In base 13, what is -175a8 + 63?
-17545
In base 2, what is -10 + 1000101110011100001?
1000101110011011111
In base 5, what is -20 - -1042124?
1042104
In base 10, what is 15 + -101504?
-101489
In base 4, what is -20321 + -3020?
-30001
In base 11, what is 2a22 + 9?
2a30
In base 15, what is 1 - 2c10?
-2c0e
In base 9, what is 166 - -526?
703
In base 4, what is -10 - 1322112322?
-1322112332
In base 5, what is -1 - 4030?
-4031
In base 2, what is -1111 - 110010100010?
-110010110001
In base 8, what is 112146 - 1?
112145
In base 11, what is -4948 + 37?
-4911
In base 15, what is -26cc + 61?
-266b
In base 7, what is 23 + 431?
454
In base 7, what is -523 - 605?
-1431
In base 8, what is 1715 - 54?
1641
In base 14, what is -2 + 12371a?
123718
In base 14, what is -7 - 1850b?
-18514
In base 16, what is 7de + -1f?
7bf
In base 5, what is 4 + -4230?
-4221
In base 8, what is 4 + -24770?
-24764
In base 9, what is -12574 - 1?
-12575
In base 14, what is 3acb + 8?
3ad5
In base 8, what is -1254 - -127?
-1125
In base 9, what is -152286 + 3?
-152283
In base 4, what is 232233332 - -21?
232300013
In base 16, what is -9 - 18dc?
-18e5
In base 5, what is 4102 + -20320?
-11213
In base 3, what is -1 - 22200210?
-22200211
In base 3, what is 121 + 11000212?
11001110
In base 10, what is 71868 - -1?
71869
In base 9, what is -224 - 2071?
-2305
In base 12, what is 496a46 + -3?
496a43
In base 16, what is -14c31 + 2?
-14c2f
In base 11, what is -4 + 209488?
209484
In base 2, what is 1001000 - 10000?
111000
In base 11, what is -2050 + -5?
-2055
In base 3, what is 1201201 + -1201?
1200000
In base 2, what is 11011000 - -1111001111?
10010100111
In base 15, what is 23 + 3dc?
410
In base 9, what is 5734 + 25?
5760
In base 4, what is -11 - -1331120?
1331103
In base 10, what is 4 + -26595?
-26591
In base 12, what is -2b5 - -2ab?
-6
In base 2, what is -10010001 + -101000?
-10111001
In base 16, what is -6 + 1fb6?
1fb0
In base 3, what is -2002210111 + 1012?
-2002202022
In base 7, what is 3 + 263506?
263512
In base 8, what is 70062 - -166?
70250
In base 12, what is 350b - -2?
3511
In base 8, what is 53676 + -71?
53605
In base 5, what is 11111 + -244?
10312
In base 14, what is bc72 - 2?
bc70
In base 4, what is 1011 + -21?
330
In base 10, what is 3720 - -3?
3723
In base 7, what is -14 + 11102?
11055
In base 10, what is 699 + 32?
731
In base 2, what is -10 - -1011000101000111?
1011000101000101
In base 7, what is 1144 - -10645?
12122
In base 11, what is 610 - -1a8?
808
In base 3, what is 2 - 210121222?
-210121220
In base 16, what is -4c41 + 4?
-4c3d
In base 4, what is 331 + -113?
212
In base 16, what is -ded9c + 4?
-ded98
In base 9, what is -54 - -18400?
18335
In base 15, what is -4 + -b5a?
-b5e
In base 9, what is 30 - 1603?
-1563
In base 10, what is -455694 + 1?
-455693
In base 10, what is 58 - 8213?
-8155
In base 4, what is -102313 + 1030113?
321200
